*2 - 4*x + 3. What is the remainder when y is divided by o(6)?
12
Let q(r) = -r**3 - 7*r**2 + 8*r + 5. Calculate the remainder when 12 is divided by q(-8).
2
Let x = -19 + 32. Suppose -5*q - x = -78. Suppose p - q = f + 2, -3*p = -f - 35. What is the remainder when 19 is divided by p?
9
Suppose 5*z - 172 = -2. Let r(i) = -i**3 + 4*i**2 + 4*i + 3. Let q be r(5). Calculate the remainder when 35 is divided by q/(-3) - z/(-3).
11
Suppose 0 = -k - 2*u - 0 - 8, -5*k - 110 = -4*u. Let j = -15 - k. Suppose 30 = -y + 6*y. What is the remainder when y is divided by j?
0
Let p = 12 - -10. Suppose 5*q = 5*n - 0*n - 45, 0 = -2*q - 2. What is the remainder when p is divided by n?
6
Suppose 5*w = h - 60, -3*w - 33 = -2*h + 66. Suppose -2*d + 2*r + 46 = -0*d, -3*r = 3*d - h. What is the remainder when (-2)/(-7) - (-514)/14 is divided by d?
18
Suppose -2*s + 4*r - 2 = -0*s, 3*r = s + 4. Calculate the remainder when 18 is divided by s.
3
Suppose 4*v - 2*a = 202, 4*v = 4*a - 70 + 274. Suppose 5 = y, -5*s - y = -8 - 82. What is the remainder when v is divided by s?
16
Let k be (3 + (-3)/9)*6. Suppose 0*b = 3*b - 2*o - k, 0 = -b + 2*o. Calculate the remainder when 15 is divided by b.
7
Suppose f - 202 + 80 = -4*j, 0 = -3*f + 4*j + 334. What is the remainder when f is divided by 29?
27
Let y = -8 - -14. Suppose -30 = -2*j - j. What is the remainder when j is divided by y?
4
Suppose 5*v - 4*q - 112 = 0, 4*v + 2*q + 2*q - 104 = 0. Calculate the remainder when v is divided by 9.
6
Suppose -4*j + 38 + 6 = 0. Let a(k) = k**2 + 3*k - 8. Let z be a(-6). Let t = z + -4. What is the remainder when j is divided by t?
5
Suppose 0*j = -j - 8. Let y = j + 11. Calculate the remainder when 7 is divided by (-2*y)/(-1 - 1).
1
Suppose 4 = k + 2*k + 4*r, -3*k - 3*r = -9. Calculate the remainder when k is divided by 2.
0
Let c = -1 + 6. Suppose 5*r - 3*i - 73 = 0, 61 - 1 = 4*r - 4*i. What is the remainder when r is divided by c?
4
Let d = 37 + -11. Suppose -b - d = -3*b. Calculate the remainder when b is divided by 35/5 + 0/2.
6
Let d(l) = l + 11. Let v be d(-11). Suppose w = -v*w + 2, -4*w - 100 = -3*n. What is the remainder when n is divided by 19?
17
Let a(i) = -2*i + 62. What is the remainder when a(20) is divided by 9?
4
Let t = -25 - -35. Calculate the remainder when 19 is divided by t.
9
Suppose 0*s - 5*s + 90 = 0. What is the remainder when s is divided by (50/15)/(12/(-54)*-3)?
3
Let o(r) = -r**2 + 5*r + 7. Let c be o(9). Let k = -20 - c. Suppose 0 = -s, 6*s - s = -g + 3. What is the remainder when k is divided by g?
0
Let o = -8 - -16. Suppose g - 5*q = o, -5*g + 7 + 4 = 4*q. What is the remainder when g is divided by 2?
1
Suppose -2*q + d = q - 281, -2*d + 284 = 3*q. Let m = q - 53. Calculate the remainder when m is divided by 14.
13
What is the remainder when 9 is divided by (5 + 0)*32/40?
1
Let r = -29 + 52. What is the remainder when r is divided by (-8 - -2)/(-3) - -6?
7
Suppose 4*h - 486 = -102. What is the remainder when h is divided by 33?
30
Let r(y) = -y**2 - 4*y - 11. Let b be r(-8). Let j = -20 - b. Suppose -4*k + 1 = -47. What is the remainder when j is divided by k?
11
Let s(h) = h**3 + 5*h**2 - 2*h - 5. What is the remainder when s(-5) is divided by 2?
1
Let p = 36 + -14. Suppose -5*v + 38 = -3*o, 3*o = -v - o + 26. What is the remainder when 774/p + v/(-55) is divided by 12?
11
Let d be 5 - -2*(-3)/(-6). Suppose 3*t = d + 54. Calculate the remainder when t is divided by 11.
9
What is the remainder when 170 is divided by (1 - 2079/(-49)) + 9/(-21)?
41
What is the remainder when (6*1)/(-1 + -1 - -3) is divided by 5?
1
Let r(p) = 2 + 2 - 3*p - p**2 + 6*p + 2*p. Calculate the remainder when r(4) is divided by 3.
2
Suppose 0 = -17*i + 9*i + 80. Suppose -5*d = -3*p + 37, -3*d - 3 = -2*p + 23. Calculate the remainder when p is divided by i.
9
Suppose 0 = 2*a - 5*a. Suppose 0 = -2*x + 2*k + 60, 59 = 2*x - 2*k + k. Suppose a*p = -p + x. Calculate the remainder when p is divided by 10.
9
Let i = -34 - -93. What is the remainder when i is divided by 15?
14
Let o be 83/(-6) + (-7)/42. What is the remainder when 24 is divided by -1 + -1 - o - -1?
11
Suppose -45 + 117 = 4*q. Calculate the remainder when 53 is divided by q.
17
Suppose 0 = -5*n + 15. Suppose n*o - 3*i - 6 = -0, 4 = 2*o - 3*i. Suppose 1 = 5*y - 2*m - 2, -2*m = 4*y - 6. Calculate the remainder when o is divided by y.
0
Let r = 15 + -10. Suppose 2*p + 9 = -r*f, -3*f = 2*f + 15. Calculate the remainder when -2*(-4 + 4/2) is divided by p.
1
Let x(g) = -5 + 4 - 2*g - 6. Suppose -112 = -3*v + 3*m - 7*m, -5*m = -4*v + 108. What is the remainder when v is divided by x(-12)?
15
Let s(g) = 2*g**2 - 2. Let p = 26 - 18. What is the remainder when p is divided by s(-2)?
2
Let t = 30 + -20. Suppose 0*y + 7 = y. Suppose -2*d = y - 45. Calculate the remainder when d is divided by t.
9
Let l(u) = u**3 - 4*u**2 - 5*u**2 + 5 + 1 + 7*u. Let s be l(8). Calculate the remainder when ((-282)/9)/(s/3) is divided by 16.
15
Suppose -2*o - 2*k = -4, 4*o + k - 10 = -k. Let g = 4 - -6. Suppose t + 2 = g. What is the remainder when t is divided by o?
2
Suppose -v - 5*l - 7 = 0, -4*v + 8*v - l - 56 = 0. Calculate the remainder when 33 is divided by v.
7
Let z = 88 - 50. Let f(d) = -4*d**2 + 3*d**3 + 3*d - 1 + 3*d**3 - 5*d**3 + 2. What is the remainder when z is divided by f(4)?
12
Let p = -16 + 22. Let w = 20 - p. Calculate the remainder when w is divided by (5 - -1)*(-12)/(-9).
6
Suppose 0 = b + 7 - 40. Calculate the remainder when b is divided by 14.
5
Let k(i) = -i**3 + 7*i**2 + 9*i - 5. Let u be k(8). Suppose -w + b = -14, -29 = u*w - 4*w + 4*b. What is the remainder when 15 is divided by w?
6
Let y = -2 - -7. Calculate the remainder when y is divided by (-3)/((63/6)/(-7)).
1
Suppose -5*v - 4*d = -302, v - d - 45 = 19. What is the remainder when v is divided by (-4)/(-28) + 146/7?
20
Let i = 17 + -10. Let x(v) = -v + 10. Let h be x(i). Suppose h*l - 79 = 2*r, 4*l = 2*r + r + 104. Calculate the remainder when l is divided by 10.
9
Suppose -7*i = -5 - 72. Calculate the remainder when 207 is divided by i.
9
Suppose 0*s + 165 = 5*s - 5*k, -2*s + 4*k + 60 = 0. Let n = -17 + 30. Calculate the remainder when s is divided by n.
10
Let a(z) = z**2 + 5. Calculate the remainder when 179 is divided by a(-5).
29
What is the remainder when 56 is divided by (27/(-18))/((-6)/76)?
18
Suppose 0 - 4 = -l. Let u(x) = -4*x - 5. What is the remainder when u(-4) is divided by l?
3
Let q(d) = 2*d**2 - 3*d - 9. What is the remainder when 178 is divided by q(5)?
22
Let g(z) = 4*z**2 + 9*z + 5. Let d be g(-5). Suppose 0 = t + 3*t - 4*h - d, 15 = -5*h. What is the remainder when t is divided by 8?
4
Let j(p) = -p + 12. Let n = 4 - 8. Let k = n + 4. What is the remainder when 23 is divided by j(k)?
11
Let o(i) = i**3 + 4*i**2 - 6*i - 1. Let k be o(-5). Suppose -5*j = l - 120, -5*j + 8*l = k*l - 120. Calculate the remainder when 46 is divided by j.
22
Suppose -95 = -8*g + 3*g + 5*y, -4*g + 72 = -2*y. Calculate the remainder when g is divided by 5.
2
Let g be ((-1)/2)/((-1)/10). Let y be 8/5 - (-2)/g. Suppose -129 = y*u - 5*u. What is the remainder when u is divided by 11?
10
Let c be ((-216)/10)/(4/(-20)). Suppose -2*g + 6*g = c. Calculate the remainder when 105 is divided by g.
24
Let z(v) = 3*v**2 + 5*v - 3. Let m be (2/(2/3))/1. Calculate the remainder when z(m) is divided by 20.
19
Let p = -1 + -3. Let r = 6 + p. Suppose h + 2 = r*h. Calculate the remainder when 7 is divided by h.
1
Suppose 0 = -3*h + 53 + 10. Let f = 12 + h. Calculate the remainder when f is divided by 9.
6
Let y = 4 - -23. What is the remainder when 52 is divided by y?
25
Let m(n) = -7*n + 9. What is the remainder when 79 is divided by m(-2)?
10
Suppose 3*x - 158 = -4*b, 4*b = -0*b - 2*x + 160. What is the remainder when b is divided by 15?
11
Let d = 9 - 7. Let c be 2*2/8*6. What is the remainder when c/(-2)*8/(-6) is divided by d?
0
Let b(q) = 21*q + 2. Suppose -5*y = 5*v - 95, v - 33 = 4*y - 124. Calculate the remainder when b(3) is divided by y.
21
Let n = 25 - 0. Suppose -o + 24 = 3*w - 4*o, 4*o + 5 = w. Calculate the remainder when n is divided by w.
7
Suppose 0 = 8*v - v - 371. Calculate the remainder when 261 is divided by v.
49
Suppose -2*k - 6 + 32 = 0. Calculate the remainder w